-6*b = -5*b + 1. Is 11 a factor of 42 - b/(2/6)?
False
Suppose 2*x + 9 = 4*i - 9*i, -4*i = -2*x. Let u = x - -7. Suppose -3*z - u*p = -8, -3*z + z + 37 = -3*p. Does 6 divide z?
False
Suppose n + 5*x = 67, -4*n + 7*n - 2*x = 218. Is n a multiple of 19?
False
Let o = 220 + -119. Suppose 2*s + 167 = 7*s - 3*p, p + o = 3*s. Is s a multiple of 17?
True
Is 34 a factor of (18/8)/(18/816)?
True
Suppose -85 = -2*m - 3*m. Does 12 divide (-3 - m*-2) + -3?
False
Let b(r) = -r + 1. Let q be b(5). Let n(o) = o**2 + 2*o + 2. Let p be n(q). Suppose -2*j + 46 = -3*z, p = 4*j + 3*z - 46. Is j a multiple of 11?
False
Suppose -o = -5*m - 80, 3*m + 192 = 2*o + o. Is o a multiple of 21?
False
Let d = 396 - 165. Does 48 divide d?
False
Suppose 2*q - 20 = -0*q. Suppose 2*m + 4*u - q = -0*m, -5*m - u = -16. Suppose 15 = 2*j - m*v - 14, 2*j = 2*v + 34. Is 8 a factor of j?
False
Let j = -13 - -5. Let d = j - -15. Does 7 divide d?
True
Let p = 7 + -11. Does 6 divide 3/(p/(-128)*4)?
True
Suppose 5*p - 15 = 3*t + 19, 0 = -5*t + p - 64. Let k = t + 29. Is k a multiple of 12?
False
Suppose d + 4*d + 3*r = 543, 2*d + r - 217 = 0. Is 27 a factor of d?
True
Suppose -6*k = -398 + 32. Is 17 a factor of k?
False
Let s(r) be the first derivative of -r**4/4 + 7*r**3/3 - 4*r - 2. Does 22 divide s(4)?
True
Suppose 3*j + 1 = 4. Is 11 a factor of ((-2)/(-6))/(j/33)?
True
Suppose 10*l - 81 = 7*l. Let h = l - 21. Does 6 divide h?
True
Suppose 0 = 3*v - 15, -5*i - 3*v + 677 = -378. Suppose 2*y = -4*h + i, 4*h + 2*y - 218 = 5*y. Does 15 divide h?
False
Suppose x = -x + 4. Suppose 3*f = x*f. Suppose -4*m + 35 + 21 = f. Does 10 divide m?
False
Let l(d) = 6*d + 1. Let r(m) = -7*m - 1. Let h(j) = -5*l(j) - 4*r(j). Suppose -2*n + i = -0*n + 11, 4*i = -n - 28. Is h(n) a multiple of 5?
True
Let g = -13 + 9. Does 7 divide 6*2*(-6)/g?
False
Suppose 9 = 4*i - 11. Let m = -1 - -4. Suppose -4*w + 34 = -3*s - 33, m*w + i*s = 72. Does 18 divide w?
False
Suppose 0 = -5*g + 102 + 48. Let c = g - 10. Is 10 a factor of c?
True
Suppose 0 = 2*c + 3*c - 30. Suppose -3*a = u - 5, -u - 85 = -c*u - 3*a. Is 7 a factor of u?
False
Let j = -47 - -86. Suppose 5*q + 10 = 10*q. Does 10 divide q + j/6*2?
False
Let m = -3 - -3. Suppose m = -0*n + 2*n - 34. Is 14 a factor of n?
False
Suppose 2*k = 13*k - 1155. Is 15 a factor of k?
True
Let x = -7 - -11. Let n(w) = -3*w - 8 + 4*w + x*w. Is 16 a factor of n(6)?
False
Suppose -k + 2 + 3 = 0. Let b = 0 + k. Suppose -5*y + 62 = -2*j - 11, b*y = 5*j + 70. Is y a multiple of 10?
False
Let h(b) = -2*b - 21. Does 2 divide h(-12)?
False
Suppose 0 = 11*y - 12*y + 60. Is 12 a factor of y?
True
Let l(j) = 2*j + 1 + 50*j**3 - 2 + 4 - 2. Let x be l(-1). Is 14 a factor of (-1 - -2)*x/(-3)?
False
Let b(z) = z - 4. Let f be b(6). Suppose n = f*a - 49, 4*n + 0*a - 2*a = -220. Let k = 81 + n. Is 12 a factor of k?
True
Let g(f) = -f**2 + 5*f + 16. Let m be g(7). Suppose -c - o = -53, -m*o - o = 9. Does 18 divide c?
False
Let v(m) = -2 - 4*m - 4*m + 1. Let n(k) = k**2 - k - 1. Let a be n(1). Is 5 a factor of v(a)?
False
Let r(f) = -6*f + 2 + 0 + 1 - f**2 + 3. Let b be r(-6). Let z(u) = 2*u - 5. Is 2 a factor of z(b)?
False
Is ((-15)/(-25))/((-1)/(-65)) a multiple of 13?
True
Let c = 185 - 43. Let r be (-6)/(-9) - c/6. Let h = r + 39. Does 16 divide h?
True
Let u(w) = w**3 + w**2 - 5. Does 31 divide u(3)?
True
Let z = -25 + 12. Let h = 9 - z. Is h a multiple of 22?
True
Suppose -8 = -4*t + 12. Suppose -120 = -4*c + 2*z + 2*z, 0 = -2*c + t*z + 66. Does 10 divide c?
False
Let a(k) = -k + 13. Let w be a(9). Let j = 6 - w. Suppose g + 0*n - 30 = -2*n, 126 = 4*g + j*n. Is 16 a factor of g?
True
Let x(d) = d**2 + 3 - 2*d + 0 + 5*d. Let o be x(-3). Suppose 3*i - 76 = -o*b + i, 0 = -4*b - 4*i + 104. Is 8 a factor of b?
True
Let s(r) = -2*r - 7. Let t be s(-6). Let j be (-4)/14 + 258/21. Let d = j - t. Does 7 divide d?
True
Let b(l) be the second derivative of l**3/3 - 3*l**2/2 + 2*l. Let i be b(3). Suppose 0 = -4*u + 12, -3*u = -0*v + i*v - 36. Does 5 divide v?
False
Let f(o) be the second derivative of 7*o**3/3 - o**2 + 2*o. Does 11 divide f(3)?
False
Suppose 0 = -3*b + 48 + 42. Does 10 divide b?
True
Suppose -2*g + 17 + 7 = 0. Let k = -7 + g. Suppose -3*l = -k*y + 14, 16 = 5*y - 0*y - 2*l. Does 2 divide y?
True
Let t(h) = 95*h**3 - h**2 + 2*h. Is 12 a factor of t(1)?
True
Let a(d) = 2*d**2 + 7*d + 4. Let s be (-51)/18 - (-2)/(-12). Let v = -7 - s. Is a(v) a multiple of 4?
True
Let b(j) = -j - 3. Let k be b(5). Let o = 3 + -2. Does 7 divide (-4)/k*(o - -27)?
True
Let y = -10 + 14. Let j be (y/10)/((-2)/20). Is (2/j)/(1/(-32)) a multiple of 8?
True
Suppose -o = -3*g - 0*o - 134, 0 = g + 2*o + 33. Let w = 10 + 55. Let d = w + g. Does 11 divide d?
True
Suppose 13 = 2*o - 7. Suppose 3*l = 4*v + 8, -6*l + 4*v + 4 = -2*l. Let s = o + l. Is 6 a factor of s?
True
Let j(n) = 8*n**2 + 4*n + 1. Let v be j(-3). Let p(d) = -d - 1. Let b be p(-3). Suppose 0 = -b*t + v - 9. Is t a multiple of 13?
True
Let l(f) = f**3 + 6*f**2 + 4*f + 7. Let k be l(-5). Suppose g - 5 - k = 0. Does 15 divide g?
False
Suppose -2*b + 24 = -18. Is 21 a factor of b?
True
Let u = 1 - -4. Let o be (-3)/(((-45)/24)/u). Suppose o + 1 = q. Is q a multiple of 7?
False
Suppose 1 = v - 2. Suppose v*i - 350 = -50. Suppose 5*b - i = 10. Does 22 divide b?
True
Suppose 4*k + 49 = 4*i - 79, i - 2*k = 27. Does 13 divide i?
False
Let l be (-1)/((6/21)/(-2)). Is 4 a factor of (6/l)/(2/14)?
False
Suppose 4*m - 3*r - 127 = -45, -r + 46 = 2*m. Let n = 4 + m. Is 13 a factor of n?
True
Suppose -13*j + 234 = -2054. Is 44 a factor of j?
True
Let w(i) = -i**3 - 7*i**2 - 8*i - 4. Is w(-7) a multiple of 31?
False
Let j(o) = -o**2 - 16*o - 12. Does 16 divide j(-6)?
True
Suppose -5*o + 7*o - 30 = 0. Does 6 divide o?
False
Let k(v) = v**2 - 6. Is 15 a factor of k(6)?
True
Let j(x) = x**3 + 6*x**2 + 5*x. Is j(-4) a multiple of 2?
True
Let s = -15 - -9. Does 9 divide 2/(-3) + (-58)/s?
True
Let s be 2/(-8) + 330/40. Suppose 3*p - s = 28. Does 12 divide p?
True
Let g = -13 - -2. Let u = 23 + g. Is u a multiple of 12?
True
Is (-1 + 53)*(-19 - -20) a multiple of 13?
True
Suppose 2*q = -q + 123. Suppose 3*t = 4*n + t - 22, 5*n = -2*t + q. Is 7 a factor of n?
True
Suppose 3*o = 4*i + 176, -2*o = -3*o - 5*i + 65. Does 15 divide o?
True
Let g = 2 - 1. Let o be 544/12*6/4. Does 14 divide (o/(-16))/(g/(-12))?
False
Let p(r) = -r**3 + 5*r**2 - r + 5. Let c be p(5). Let w be 87 - (3 + 0/2). Suppose c*y - w = -4*y. Is y a multiple of 18?
False
Suppose -r + 1 = -29. Suppose -z + 3*i + 0*i + 14 = 0, 3*z - 5*i = r. Suppose -86 = -z*a - c, -3*a = -4*c + 3 - 73. Is 9 a factor of a?
True
Let w(a) = -2*a + 1. Suppose x + 2*y = 2 + 15, -5*x = -4*y - 29. Let l = -10 + x. Is w(l) a multiple of 2?
False
Suppose 0 = -2*u + 72 + 12. Is u a multiple of 10?
False
Let x be (-2)/(-4) + (-6)/(-4). Let w(l) = 3 - l**x + 2*l**2 - 4. Is 8 a factor of w(-3)?
True
Let w = 182 - 98. Is w a multiple of 15?
False
Suppose -n + 5*w + 35 = 4*n, -n + 3*w + 15 = 0. Let j(p) = 6*p**2 + 2*p - 2. Let r be j(-2). Suppose 4*l - 32 = -4*y, -5*l + 46 + r = -n*y. Does 7 divide l?
False
Suppose -5*n + 3*b - 8*b = 35, 5*b = -25. Let k be n/(-7) + (-594)/21. Does 13 divide (k + 2)*(-3)/6?
True
Suppose -5*c = 5*g - 55, -4*g + c + 0*c = -19. Let x(l) = l**2 - 3*l + 3. Does 7 divide x(g)?
True
Suppose -5*m + 15 = 0, -4*x + m + 4*m = -33. Suppose -x = -3*j + 9. Is 2 a factor of j?
False
Is 6120/22 + 44/(-242) a multiple of 38?
False
Suppose 4*p + 6 = 3*a, -a + 5 + 8 = -5*p. Let k be -50 + 5 - (-6)/a. Let s = -18 - k. Is s a multiple of 15?
True
Let i be (4/((-4)/(-3)))/(-1). Let z be (i/(-3))/(1/2). Suppose z*n = -13 + 57. Is 11 a factor of n?
True
Let d = 416 - 241. Does 40 divide d?
False
Let o be (-6)/((2 + 1)*-1). Let u(i) = i**2 - i + 18. Let l be u(0). Suppose -l = -o*w - w. Does 3 divide w?
True
Let z be 5*19/5*-2. Let r = z + 76. Is r a multiple of 28?
False
Let x be 76/(-10) - (-14)/(-35). Let m(q) = -q - 6. Is m(x) a multiple of 2?
True
Suppose -2*v = -4*u + 51 - 1, 0 = -3*u - 2*v + 34. Does 3 divide 8*4*3/u?
False
Let v = 177 + -71. Suppose 0 = 7*x - 3*x + 2*h - v, 0 = 3*x + 2*h - 80. Does 14 divide x?
False
Let i = 117 - 61. Suppose i = 2*f + 2*q, 4*f = 4*q + 171 - 19. Does 11 divide f?
True
Let k(g) = -35*g**2